-1 - 1)?
6
What is -2 + 0 + -2 - (-1 - -2)?
-5
What is the value of (3 - 6) + -1 + -1 + 5?
0
Calculate -3 - -5 - (8 + -9).
3
Calculate (4 + -1 - (11 + -5)) + 0.
-3
Evaluate -16 - -11 - (-3 + 2).
-4
What is (-7 - -3) + 8 + 1?
5
What is the value of -9 + -4 + (-9 - -15)?
-7
Evaluate 4 + -1 + -7 - -4.
0
What is (3 - -3) + -12 - -8?
2
Evaluate 10 - 9 - (0 - 2).
3
What is -3 - ((1 - -3) + 0 + -4)?
-3
(8 - 5) + 1 + -1
3
Evaluate -21 - -26 - (5 + 1) - 5.
-6
What is (185 - 177) + -5 + 0?
3
What is the value of -1 - (-21 - -12) - (-1 + 9)?
0
3 + -5 - -4 - 8
-6
Evaluate 4 - (5 - (2 - -3)).
4
What is the value of (-6 + 16 - 15) + -1 + 14?
8
Calculate 5 + -1 + 3 + -11.
-4
Evaluate 0 + (4 + -10 - (-1 - -1)).
-6
What is the value of -4 + (-6 - -4 - -2 - -4)?
0
1 - (8 + 1 + -4)
-4
Calculate -5 + (1 - (9 + -7)).
-6
-5 + -3 + 2 - (-12 - -9)
-3
-1 + (-3 - -8 - 2)
2
What is the value of (-2 - (-2 + 0)) + 2 + 1?
3
What is the value of 9 + 7 + -12 + (-2 - 0)?
2
What is 43 + -37 - (-1 + 1)?
6
(-4 - (-3 + -5)) + -5 + 6
5
0 - 1 - (-3 - (-2 + -4))
-4
What is the value of 1 - (6 - (-6 + (8 - -2)))?
-1
What is 3 + -4 + (1 - 1 - 1)?
-2
-15 + (0 - (0 - 9))
-6
What is the value of -5 + (1 - (6 - 8))?
-2
1 + (-2 + -2 + 1 - 2)
-4
Evaluate 1 + -9 + 4 + 7.
3
What is the value of 11 - (6 + (-1 - 1) + -1)?
8
What is the value of (-2 - -12 - 7) + -3 + -4?
-4
What is the value of (3 - (2 - -2)) + -2?
-3
What is 6 + 0 + (9 - 16)?
-1
7 + 1 + 24 + -34
-2
-1 + -3 - (6 - 4) - -3
-3
What is the value of -2 + 3 - (0 - 2) - 0?
3
What is (0 - -1) + (-2 - -1) + -2?
-2
Calculate (-1 - -3) + 0 + -1 + -2.
-1
Calculate 4 + 0 + 0 - -4 - 7.
1
Calculate 3 - (-11 - (12 - 21)).
5
(5 - 4 - 6) + 6
1
Evaluate -7 - (1 + (2 - 6)).
-4
Calculate 4 + -3 + 4 - (21 + -21).
5
What is the value of (-5 + 1 - 6) + 9?
-1
Evaluate (4 - 7 - 7) + 1 + 7.
-2
Evaluate -6 + -1 + (5 - 2) + 1.
-3
What is the value of 8 - (6 - (-1 - -4))?
5
What is the value of 2 + 1 + (-7 - (-1 - 4))?
1
Calculate 8 + -14 + 9 - 7.
-4
Evaluate -1 + -2 - (-4 + 4 - 3).
0
Calculate 3 + (7 - 14 - (-10 + 4)).
2
Calculate (-6 - 3 - -4) + 9.
4
Calculate (0 - 1) + -3 + -1 + 6.
1
(4 - 5) + 7 - -4
10
Calculate (-3 - (-1 + -4)) + -2.
0
(-2 - (-2 - -2) - -4) + 4
6
2 + 2 + -4 + 3 + -2
1
Evaluate (1 + -11 - -6) + 2.
-2
What is -118 - -118 - (6 + -1)?
-5
-6 - (5 + -4 + -3) - -6
2
What is 1 + -4 - (-15 - (-6 - 4))?
2
What is 6 - 4 - ((1 - -1) + 2)?
-2
25 - 20 - (0 + 7 + 0)
-2
What is the value of 22 + -16 + -14 + 6?
-2
What is -3 + 0 - (-173 + 172)?
-2
What is (2 - 4) + 0 + (0 - 0)?
-2
12 + (-14 - -4) + 0 + -10
-8
What is -1 + (-1 - (-2 - -5)) + 0?
-5
Evaluate 1 + 22 - (27 - 14).
10
What is 2 - 9 - (-4 - 0)?
-3
Calculate (5 - -10) + -11 - 10.
-6
Calculate (6 - 4 - 5) + (7 - 5).
-1
Evaluate 8 - ((5 - 6) + 2 - -8).
-1
Calculate -1 + -10 + 26 + -21.
-6
What is 1 - 0 - (6 - (3 - 2))?
-4
What is the value of -10 - ((2 - 9) + 6) - -5?
-4
2 - 3 - (6 + -8)
1
What is (0 - (2 + -1) - 2) + 3?
0
(-1 - 0) + -6 + (21 - 11)
3
What is 11 + -10 + (6 - (-1 + 1))?
7
What is 0 + -1 + 0 + (-1 - 3)?
-5
What is the value of -2 + 6 - -1 - 0?
5
What is 0 + 1 - (3 + -2 + 2)?
-2
What is -3 - 1 - (-38 + 34)?
0
What is 3 - ((-3 - 1) + 1 + 1)?
5
What is (2 - -1) + -2 - -3?
4
What is the value of -3 + (-1 - (-4 + 3)) + 5?
2
What is -7 + 0 + -3 + 3 + 2?
-5
What is (2 - 0 - 4) + -2?
-4
What is the value of 1 - (-1 + 10 + 0 + -5)?
-3
What is 7 - (-4 + -2 + 5 - -5)?
3
Evaluate -8 + 11 + -7 - (-1 + -8).
5
Evaluate (9 - 0) + 145 + -155.
-1
What is the value of 1 + 9 - (234 - 234)?
10
What is the value of (-4 + (-3 - -4) - -1) + 4?
2
What is the value of 5 - (-7 - (-18 + 10))?
4
Calculate -4 - (5 + -2 - -1) - -3.
-5
What is the value of (-3 + 2 - (-5 - -4)) + -5?
-5
What is (-2 - 0) + 2 + -3 + -2?
-5
Calculate -31 + 27 - (-2 + 6).
-8
-5 - (-3 - 3) - -4
5
(1 - -3) + 4 + -1 - 3
4
Evaluate -2 + -3 + 3 + 1 + -3.
-4
Evaluate 2 - (2 - -7) - -6.
-1
What is the value of (-21 - (-2 - 5)) + 8?
-6
Calculate -2 - ((26 - 12) + -9).
-7
What is -3 + 3 + 3 + -1?
2
Evaluate 0 - ((4 - 7) + 4 - -1).
-2
-7 + -6 + 13 + 5
5
Evaluate -5 + 6 - (0 + 6).
-5
What is the value of 12 + -6 + -3 + (-6 - -1)?
-2
10 - 1 - (1 + 3) - 4
1
What is 1 + 4 + (0 - 4) + 1?
2
Evaluate 3 + 2 - 3 - 5.
-3
Evaluate (-1 - (-7 + 8)) + -4.
-6
Calculate 5 + -3 + 1 + -5.
-2
(-1 - -1) + (4 - -1) + -6
-1
What is the value of -1 - 0 - (3 + -4)?
0
What is 3 + 1 + (2 - (17 - 8))?
-3
-19 - -23 - (2 - 0)
2
-2 + (-5 - -5) - (-1 - 0)
-1
(0 - (0 - 2)) + (-8 - -2)
-4
Evaluate (-10 - -17) + -2 - (3 - -2).
0
Evaluate 0 + -2 + (0 - 2 - 1).
-5
What is (3 - (-2 - (-1 + -2))) + -2?
0
Calculate -3 + 0 + (4 - -3) + 1.
5
What is -6 + (-3 - 2 - -2) + 6?
-3
What is the value of 1 + (-3 - (-5 + 2)) - 1?
0
Calculate -2 + -4 + (2 - -1 - -4).
1
What is 10 + 0 + -1 + -167 + 161?
3
Calculate 0 + -8 + (-9 - -16).
-1
What is the value of -8 + (1 - 0) + 8?
1
What is 8 + -6 + 3 - 6?
-1
Evaluate (-2 - 2) + 34 + -30.
0
-7 - ((8 - 13) + -3)
1
What is -11 + 13 - (0 + -1 - 2)?
5
Calculate 9 - (1 - (1 + -4)).
5
Evaluate 6 + (2 - (0 - (-3 + -2))).
3
What is (5 + 1 + -2 - 3) + 3?
4
(-1 - 0) + (-3 - 1)
-5
What is the value of (18 - (-8 + 18)) + -5?
3
What is (-6 - -1) + 5 + (-3 - -8)?
5
Calculate -40 + 13 + 12 - (-6 + -1).
-8
What is the value of -9 - -1 - (16 - 23)?
-1
What is 1 + 5 + 0 - 1?
5
What is the value of 0 - (2 - (1 - 0) - 0)?
-1
-14 + 13 - (-1 + -2 + 2)
0
Calculate 6 - (-2 - 0 - -3).
5
What is the value of -10 + (6 - 1) + 5?
0
12 + 9 + -3 + -16
2
Evaluate 3 + -4 + 1 - 3.
-3
What is the value of (4 - 5) + -2 + 0 + -1?
-4
What is the value of 2 + 1 + -8 + (4 - -2)?
1
(-3 - (2 - (-3 - 0))) + 3
-5
Evaluate (7 + -4 - 0) + -5.
-2
-2 + (5 - -3) - (2 + 1)
3
(4 + -1 - 2) + (3 - 1)
3
What is 11 + -2 + -10 - 2?
-3
Calculate -1 + 8 + -6 + 0.
1
What is -5 - (-14 + (3 - (-5 - -5)))?
6
What is -19 + -3 + 12 + 3?
-7
What is the value of (-6 - (-5 + -6)) + 0?
5
Evaluate (8 - 4) + 3 - 9.
-2
What is the value of 5 + (3 + -9 - -4) + -3?
0
What is the value of -1 - (-9 + 6 + -2 + 4)?
0
What is the value of 2 + -4 + 4 + 2 + -4?
0
What is the value of 0 + -2 - (3 + -5 + 0)?
0
What is the value of 2 - (-7 + 4) - 9?
-4
Calculate 4 + 10 + -7 + -2.
5
5 + 0 + (-9 - -4)
0
What is the value of -9 - (-3 - -1) - (-1 - 3)?
-3
What is 2 + 1 - 1 - (-73 + 80)?
-5
What is the value of 8 + 5 + -15 + 7?
5
Evaluate -1 + 2 - (-3 - 0).
4
Calculate -11 + (10 - (-13 + 10)).
2
What is 3 + -3 + (1 - 0) + 3?
4
Evaluate (-15 - -5 - -7) + 6.
3
1 + -7 + 5 - -3
2
What is 4 - -1 - (-2 + 5)?
2
Evaluate -7 - 3 - (11 + -23).
2
What is 2 + (-8 + -1 - 0)?
-7
What is the value of 3 - (-4 - (4 + -8 - 6))?
-3
Calculate 1 - 2 - (-17 + (0 - -9)).
7
4 + (-2 - -1) + -4
-1
3 + 1 + 5 - 8
1
Evaluate 6 + (7 - 21) + 12.
4
Evaluate (-8 - -15) + -5 - -4.
6
Calculate -3 - (5 - (-6 - -19 - 6)).
-1
What is (4 - (-3 + 13)) + 10 - 9?
-5
(7 - 2) + (14 - 15)
4
What is -7 + 2 - (-34 + 27)?
2
Evaluate (2 - -1) + (0 + -6 - -6).
3
(12 + -28 - -8) + -1
-9
Evaluate 3 - 0 - (2 + 1).
0
Calculate -3 + (5 - -1 - 1).
2
Evaluate -9 + 1 - (8 + -4 - 6).
-6
Evaluate (-7 - 0) + 7 + -5.
-5
What is the value of 5 + -4 + 3 + 0?
4
-6 + (1 - -8) - 5
-2
What is the value of -14 - (7 + -14) - (0 - 4)?
-3
Calculate -6 + (4 - -1) + 1.
0
Calculate -11 - (-23 + (16 - 4)).
0
Calculate -5 - (-8 + (9 - 2) + 0).
-4
Calculate -1 - (3 + -7 + 18 - 8).
-7
(5 - (4 - 1)) + -7 - -5
0
What is -2 + (6 - 15) - -6?
-5
-3 - 2 - (5 + -3 - 2)
-5
-4 - -1 - 0 - 2
-5
Calculate -7 + -2 + (3 - -1).
-5
Evaluate (-9 - -1) + 3 + 2 + 4.
1
Evaluate 0 - ((6 - -1) + -3).
-4
What is -15 - -9 - (-4 + -5)?
3
Calculate (1 - -1) + (9 - 3) + -6.
2
Calculate (5 - -4) + -7 - 1.
1
Evaluate 1 - 3 - (8 + -3 - 10).
3
Calculate 2 + (-3 - 2) + 7 - -1.
5
What is -2 + (0 - (-2 - 2))?
2
What is -2 + 5 + 0 + 2?
5
What is 7 - (-9 + 9) - (-2 - -2)?
7
What is the value of 2 - 5 - -4 - (-1 - -1)?
1
(-2 + 2 - -1) + 1 + 5
7
What is -8 - (-1 + -7) - -3?
3
Calculate 0 + (2 - -2 - 3).
1
Calculate (-1 - -6 - -2) + 0 + -10.
-3
Calculate -4 + 8 - 3 - (-18 + 14).
5
What is (-1 - 2) + 6 - (9 - 7)?
1
Evaluate -4 + (-6 - -14 - 4).
0
Evaluate 1 + -6 - -9 - 4.
0
Calculate -5 + 6 + -11 - -11.
1
What is the value of -3 + -6 + -3 - -6?
-6
(-6 - (-4 + -6)) + -1
3
What is the value of 0 + (4 - ((2 - 4) + 2))?
4
What is (-17 - -13) + 3 + 4?
3